igit of d?
0
Let s = 690 + -978. Let a = 639 + s. What is the tens digit of a?
5
Let x = -370 - -369. What is the tens digit of (-29767)/(-51) - (x - (-10)/6)?
8
Let p(z) = 252*z + 3589. What is the hundreds digit of p(11)?
3
Let y(d) = -5 - 5 - 240*d + 6 + 0 - 470*d. What is the hundreds digit of y(-1)?
7
Let w(o) = 53*o - 17. Let n be (-40)/(-16)*(-16)/(-10). What is the tens digit of w(n)?
9
Suppose 404 = 4*x + 4*j, 2*x - 2*j - 323 = -x. Suppose 2*r + a - 16 = 0, 4*r - 24 - 12 = -3*a. Suppose -r*o + x = -5*o. What is the units digit of o?
5
Suppose -192 = -6*a + 180. Let s(o) = 5*o**3 - 4*o**2 + 3*o. Let i be s(2). Let m = a - i. What is the tens digit of m?
3
Suppose 4*y - 53104 = -o, 12*o + 13289 = y + 9*o. What is the ten thousands digit of y?
1
Let z be 6/(-2) + 3 + -1 + 4. Suppose 3*j = z*b - 2775, 4*b = -3*j + 4*j + 3691. What is the hundreds digit of b?
9
Let q = -19092 + 29439. What is the units digit of q?
7
Let j(a) = -a**2 - 5*a - 3. Let g be 6/9 + 110/(-30). Let q be j(g). Suppose -6*v + 186 = -v - q*n, 3*v - 118 = 5*n. What is the units digit of v?
6
Let w be 6*6*(2 - 5/5). Suppose -3*f + w = 24. What is the hundreds digit of (6/f)/3 + 1026/4?
2
Let n be (-13)/65 + (-21)/(-5). Suppose -4*s + 68 = -n*c, -5*c - 3*s = -c + 61. What is the units digit of 2/4 + (1 - 152/c)?
1
Let x(z) = -z**3 - 6*z**2 - 7*z - 3. Let t be x(-5). Suppose -1 = -r - t. Let b(o) = -2*o**3 - 5*o**2 - 2*o - 3. What is the tens digit of b(r)?
6
Let o be (2/12)/(15/90). Suppose o = -8*g + 17. What is the tens digit of (-2190)/(-25) + -5 - g/(-5)?
8
Suppose i = 61*z - 66*z + 14572, 4*i - z - 58309 = 0. What is the units digit of i?
7
Let r(s) = 448*s - 440. What is the thousands digit of r(21)?
8
Suppose 39*i + 42178 = -27008. Let j = i + 2730. What is the tens digit of j?
5
Suppose 5*h + 33085 = 266*l - 264*l, l = -5*h + 16505. What is the hundreds digit of l?
5
Let m(n) = -261*n**2 + 33*n - 107. Let p be m(3). What is the hundreds digit of 15/45 - (p/3 + 2)?
7
Suppose 1423504 = -287*b + 6587782. What is the hundreds digit of b?
9
Let l be -4 - 65/(-15) - 1240/12. Let p = 79 - l. What is the units digit of p?
2
Let c = -20 - 30. Let k be (40/c)/((-2)/15). What is the tens digit of 6/(-4)*(-484)/k?
2
Suppose 9449 + 8015 = -59*z. Let q = -310 - -819. Let o = z + q. What is the tens digit of o?
1
Suppose -2*n = -7*n - 3*y + 29, 2*n - 3*y + 1 = 0. Suppose -z + 115 + n = 0. What is the tens digit of z?
1
Suppose -87*j = -121611 - 467205. What is the thousands digit of j?
6
Suppose -8*w = 8*w - 12896. Let b = -799 + w. What is the units digit of b?
7
Suppose -16585 - 10538 = -3*d - 8169. What is the hundreds digit of d?
3
Let y = 63892 - 30895. What is the thousands digit of y?
2
Let r = 857 - -3405. What is the units digit of r?
2
Let j(z) = -z**3 + 12*z**2 - 31*z + 12. Let n be j(8). What is the hundreds digit of (0 - (-8)/5)/(n/8350)?
6
Suppose 10*v - 8048 = 2*v. Let l = v + -581. Suppose 0 = -5*m + 5*c + l, 5*m + 5*c - 287 = 2*m. What is the tens digit of m?
8
Suppose -14*g = -3 - 11. Let u be 1 + g/(5/(-315)). Let c = 20 - u. What is the tens digit of c?
8
Let u = -27092 + 50562. What is the thousands digit of u?
3
Suppose -2*i = -4*a - 3 - 5, -i - 8 = 2*a. What is the hundreds digit of 16456/33 + i/3?
4
Suppose 0 = 5*i - 11*a + 8*a - 52, 0 = -a - 4. Suppose 24*t - i*t - 11504 = 0. What is the hundreds digit of t?
7
Suppose 3*y = -q + 105, 0*q = -3*y + 3*q + 117. Suppose -2*w + 350 = -y. Suppose -5*k - 4*i = -300, -2*k - k - 5*i + w = 0. What is the tens digit of k?
5
Suppose 0 = -50*a + 270662 + 527238. What is the hundreds digit of a?
9
Let f(k) = k**3 + 9*k**2 - 11*k - 4. Let o be f(-10). Suppose o*y - 10*y = 0. Suppose -7*s + 5*s + 42 = y. What is the tens digit of s?
2
Suppose 2*y = k - 4744, -3*k = -2*y - 4750 - 9506. What is the hundreds digit of k?
7
Let d(i) = 21*i + 200. Let p be d(-7). Suppose -13332 - 36912 = -p*k. What is the tens digit of k?
4
Suppose -21826 = 10*s - 12*s - a, -5*a = 0. What is the thousands digit of s?
0
Suppose -2 = -4*g + 2*g, 2*s + 4*g - 4 = 0. Suppose -137 = -10*i - 27. Suppose -h + i + 61 = s. What is the tens digit of h?
7
Let j be (6 + (-11)/2)*12. Suppose -675 = -j*g + g. What is the tens digit of g?
3
Let q(f) = -f**3 + 57*f**2 - 35*f - 355. What is the units digit of q(53)?
6
Let j(h) = 2646*h + 2766. What is the hundreds digit of j(5)?
9
Let g be (24/160*-5)/(2/(-8)). What is the tens digit of g*-1 - (-9 - (614 + 3))?
2
Let a(g) be the first derivative of 31*g**2/2 - 73*g + 106. What is the tens digit of a(30)?
5
Let n(c) = -c**2 - 22*c - 15. Let m be n(-19). Let l be 18/m + 1476/(-14). What is the hundreds digit of -1 - (-4 + l - -2)?
1
Let v = -134 + 448. What is the hundreds digit of v?
3
Let m be (-32)/(-14) + (-8)/28. Suppose -5*o + 17 = m. Suppose -o*l = -2*l + 3*k - 62, k = -2*l + 109. What is the tens digit of l?
5
Let z = -211 - -216. Suppose 5*c - l = -3*l + 1842, 2*c = z*l + 760. What is the units digit of c?
0
What is the units digit of (7 + 1)*(-469)/(-4)?
8
Let d = -143 - -47. What is the tens digit of 4/(d/6584)*-3?
2
Suppose 7 = 4*l + 5*x - 5, -l - 2*x + 3 = 0. Let k = 91 - 89. Suppose -l*b = -4*j + 60, 5*j - k*j - 50 = b. What is the tens digit of j?
1
Suppose -4 + 39 = -5*z + 5*r, -z = 5*r - 23. What is the tens digit of 93/(-2*z*1/4)?
9
Let u be ((-5)/(40/(-6)))/(1/4). Suppose -u*q + 28 = 16. What is the units digit of (-72)/(3/(-3)) - (q - 2)?
0
Let j(l) = -3*l - 47. Let r be j(-17). Suppose -r*d + 6*d = 4*u - 54, 0 = 5*u - 2*d - 66. Suppose -u*z + 13*z = 97. What is the units digit of z?
7
Suppose -i - 124 + 125 = 0. What is the tens digit of (10 + -11)*(-212 - i)?
1
Suppose 438*t + 1051610 = 473*t. What is the ten thousands digit of t?
3
Let w = 26 + -7. Suppose 18*u - w*u = 1. What is the units digit of ((-22)/44)/(u/22)?
1
Let h(x) = -16*x**3 + 16*x**2 + 21*x - 11. Let k be h(-11). Suppose k = 33*j + 6820. What is the tens digit of j?
9
Let a = 27 - -18. Let q = 47 - a. Suppose -u + 61 = g, g + q*u = -u + 69. What is the units digit of g?
7
Let f(z) = 3429*z**3 + 71 - 1714*z**3 - 1714*z**3 - z**2 + z. What is the tens digit of f(0)?
7
Let r(y) = 2099*y**2 - 100*y + 306. What is the units digit of r(3)?
7
Let h(l) = 0*l + l**2 - 61 + 0*l**2 + 3*l + 46. Let r be h(-5). Let j(i) = -i**3 + 2*i**2 + 7*i + 7. What is the hundreds digit of j(r)?
1
Let a(o) = -o**3 + 13*o**2 - 31*o + 24. Let d be a(10). Suppose -d*c = -12*c - 864. What is the hundreds digit of c?
4
Suppose 9*f = -237 + 2847. Let r = f - -183. What is the units digit of r?
3
Let v(i) = 3*i**2 - 1. Let h(o) = 8*o**2 + 58*o - 57. Let a(d) = -h(d) + 4*v(d). What is the tens digit of a(20)?
9
Let g(n) = -99*n**3 - 2*n**2 + 42*n + 232. What is the units digit of g(-5)?
7
Let v = -3 + 103. Suppose 0 = -5*f - 4*o + 40, f - o + 9 = 2*f. Suppose 2*t = n + 3*t - 50, -2*n = -f*t - v. What is the tens digit of n?
5
Let o(w) = -17*w + 20. Let j = -12 + -87. Let i = 92 + j. What is the units digit of o(i)?
9
Let c(x) = -173*x**3 - 3*x - 2 - 13*x**3 + 44*x**3 - x**2 - 338*x**3 - x**2. What is the hundreds digit of c(-1)?
4
Let c = 439 - 1154. Let q = c + 829. What is the units digit of q?
4
Let w be (-4 - -32)*(-18)/12. Let o be (-6)/(-21)*w/24*0. Suppose -4*s + 856 = -o*s. What is the tens digit of s?
1
Suppose -27*q + 21531 = -21237. What is the hundreds digit of q?
5
Let u = 12761 - -10126. What is the hundreds digit of u?
8
Suppose 7 + 5 = 3*l, 0 = 5*n + 5*l - 50. Let b be (-2)/(-6) + (-50)/6. What is the tens digit of (-3)/n - 900/b?
1
Let q(p) = 13*p**2 + 512*p + 226. What is the hundreds digit of q(-42)?
6
Suppose -2166972 = -156*b + 2420364. What is the tens digit of b?
0
Let f = -34235 - -66010. What is the units digit of f?
5
Let m(h) = -h**3 + 2*h**2 + 10*h - 21. Let f be m(3). Suppose 18*a - 2324 - 6118 = f. What is the units digit of a?
9
Let k be (2468 - 8) + 8 - (-6)/2. Let r = 3760 - k. What is the hundreds digit of r?
2
Let s(h) = 73*h + 22. Let l be s(-4). Let a = 170 - l. What is the units digit of a?
0
Let w(n) = 46 + 298 + 6*n + 259. What is the tens digit of w(0)?
0
What is the ten thousands digit of (1/(-2)*300)/((-12)/1696)?
2
Let q be 7*(1 - 0/(-7)). What is the hundreds digit of q/3 - 7840/(-15)?
5
Let f be (-2)/6*(-56 